{"id":58,"date":"2024-01-08T16:27:33","date_gmt":"2024-01-08T15:27:33","guid":{"rendered":"https:\/\/ulyssea-coaching.fr\/?page_id=58"},"modified":"2024-02-02T13:58:08","modified_gmt":"2024-02-02T12:58:08","slug":"me-contacter","status":"publish","type":"page","link":"https:\/\/ulyssea-coaching.fr\/index.php\/me-contacter\/","title":{"rendered":"Me contacter"},"content":{"rendered":"<h1>Besoin d&rsquo;informations sur notre accompagnement ?<\/h1>\n<div>\n<p>Nous r\u00e9pondons \u00e0 vos questions et vos besoins de coaching personnels ou pour votre entreprise.<\/p>\n<\/div>\n<p><img decoding=\"async\" src=\"\/wp-content\/uploads\/2024\/01\/cropped-logo1.png\" alt=\"\"><\/p>\n<h1>Merci pour l&rsquo;int\u00e9r\u00eat que vous portez \u00e0 ULYSSEA.<\/h1>\n<div>\n<p>Afin de r\u00e9pondre \u00e0 vos questions, interrogations ou demandes d&rsquo;accompagnement, merci de renseigner le formulaire suivant.<\/p>\n<\/div>\n<div>\n<div class=\"frm_forms  with_frm_style frm_style_sleek-smooth-style frm_full_submit\" id=\"frm_form_1_container\" data-token=\"abb50b68b594111da7996763753c8143\">\n<form enctype=\"multipart\/form-data\" method=\"post\" class=\"frm-show-form  frm_pro_form \" id=\"form_contact-form\" data-token=\"abb50b68b594111da7996763753c8143\">\n<div class=\"frm_form_fields \">\n<fieldset>\n<legend class=\"frm_screen_reader\">Contactez-nous<\/legend>\r\n\r\n<div class=\"frm_fields_container\">\n<input type=\"hidden\" name=\"frm_action\" value=\"create\" \/>\n<input type=\"hidden\" name=\"form_id\" value=\"1\" \/>\n<input type=\"hidden\" name=\"frm_hide_fields_1\" id=\"frm_hide_fields_1\" value=\"\" \/>\n<input type=\"hidden\" name=\"form_key\" value=\"contact-form\" \/>\n<input type=\"hidden\" name=\"item_meta[0]\" value=\"\" \/>\n<input type=\"hidden\" id=\"frm_submit_entry_1\" name=\"frm_submit_entry_1\" value=\"f0f0a0bfca\" \/><input type=\"hidden\" name=\"_wp_http_referer\" value=\"\/index.php\/wp-json\/wp\/v2\/pages\/58\" \/><div id=\"frm_field_1_container\" class=\"frm_form_field form-field  frm_required_field frm_top_container frm_first frm_half\">\r\n    <label for=\"field_nom\" id=\"field_nom_label\" class=\"frm_primary_label\">Nom\r\n        <span class=\"frm_required\" aria-hidden=\"true\">*<\/span>\r\n    <\/label>\r\n    <input  type=\"text\" id=\"field_nom\" name=\"item_meta[1]\" value=\"\"  data-reqmsg=\"Ce champ ne peut pas \u00eatre vide\" aria-required=\"true\" data-invmsg=\"Name est non valide\" aria-invalid=\"false\"   aria-describedby=\"frm_desc_field_nom\" \/>\r\n    <div class=\"frm_description\" id=\"frm_desc_field_nom\">Votre Nom<\/div>\r\n    \r\n<\/div>\n<div id=\"frm_field_2_container\" class=\"frm_form_field form-field  frm_required_field frm_hidden_container frm_half\">\r\n    <label for=\"field_prenom\" id=\"field_prenom_label\" class=\"frm_primary_label\">Pr\u00e9nom\r\n        <span class=\"frm_required\" aria-hidden=\"true\">*<\/span>\r\n    <\/label>\r\n    <input  type=\"text\" id=\"field_prenom\" name=\"item_meta[2]\" value=\"\"  data-reqmsg=\"Ce champ ne peut pas \u00eatre vide\" aria-required=\"true\" data-invmsg=\"Last est non valide\" aria-invalid=\"false\"   aria-describedby=\"frm_desc_field_prenom\" \/>\r\n    <div class=\"frm_description\" id=\"frm_desc_field_prenom\">Votre pr\u00e9nom<\/div>\r\n    \r\n<\/div>\n<div id=\"frm_field_6_container\" class=\"frm_form_field form-field  frm_top_container frm6 frm_first\">\r\n    <label for=\"field_telephone\" id=\"field_telephone_label\" class=\"frm_primary_label\">T\u00e9l\u00e9phone\r\n        <span class=\"frm_required\" aria-hidden=\"true\"><\/span>\r\n    <\/label>\r\n    <input type=\"tel\" id=\"field_telephone\" name=\"item_meta[6]\" value=\"\"  data-invmsg=\"T\u00e9l\u00e9phone est non valide\" aria-invalid=\"false\" pattern=\"((\\+\\d{1,3}(-|.| )?\\(?\\d\\)?(-| |.)?\\d{1,5})|(\\(?\\d{2,6}\\)?))(-|.| )?(\\d{3,4})(-|.| )?(\\d{4})(( x| ext)\\d{1,5}){0,1}$\"  \/>\r\n    \r\n    \r\n<\/div>\n<div id=\"frm_field_3_container\" class=\"frm_form_field form-field  frm_required_field frm_top_container frm6\">\r\n    <label for=\"field_email\" id=\"field_email_label\" class=\"frm_primary_label\">Email\r\n        <span class=\"frm_required\" aria-hidden=\"true\">*<\/span>\r\n    <\/label>\r\n    <input type=\"email\" id=\"field_email\" name=\"item_meta[3]\" value=\"\"  data-reqmsg=\"Ce champ ne peut pas \u00eatre vide\" aria-required=\"true\" data-invmsg=\"Merci de renseigner une adresse email valide\" aria-invalid=\"false\"  \/>\r\n    \r\n    \r\n<\/div>\n<div id=\"frm_field_7_container\" class=\"frm_form_field form-field  frm_required_field frm_top_container frm12 frm_first\">\r\n    <label for=\"field_objet_demande\" id=\"field_objet_demande_label\" class=\"frm_primary_label\">Objet de votre demande\r\n        <span class=\"frm_required\" aria-hidden=\"true\">*<\/span>\r\n    <\/label>\r\n    \t\t<select name=\"item_meta[7]\" id=\"field_objet_demande\"  data-frmval=\"Demande de renseignements\" data-reqmsg=\"Ce champ ne peut pas \u00eatre vide\" aria-required=\"true\" data-invmsg=\"Objet de votre demande est non valide\" aria-invalid=\"false\"  >\n\t\t<option  value=\"Demande de renseignements\" selected='selected'>Demande de renseignements<\/option><option  value=\"Atelier sur la pr\u00e9vention du burn out\">Atelier sur la pr\u00e9vention du burn out<\/option><option  value=\"Atelier gestion du stress et \u00e9quilibre de vie pro et perso\">Atelier gestion du stress et \u00e9quilibre de vie pro et perso<\/option><option  value=\"Atelier sur la charge mentale\">Atelier sur la charge mentale<\/option><option  value=\"Apprendre \u00e0 g\u00e9rer le stress\">Apprendre \u00e0 g\u00e9rer le stress<\/option><option  value=\"Mieux comprendre la confiance en soi\">Mieux comprendre la confiance en soi<\/option><option  value=\"Equilibre vie pro vie perso pour votre r\u00e9ussite\">Equilibre vie pro vie perso pour votre r\u00e9ussite<\/option><option  value=\"Mindset , motivation , training mental Redonner du sens \u00e0 son travail\">Mindset , motivation , training mental Redonner du sens \u00e0 son travail<\/option><option  value=\"Bien \u00eatre au travail un objectif pour tous.\">Bien \u00eatre au travail un objectif pour tous.<\/option><option  value=\"Le coaching des talents\">Le coaching des talents<\/option><option  value=\"Autre demande\">Autre demande<\/option>\t<\/select>\n\t\r\n    \r\n    \r\n<\/div>\n<div id=\"frm_field_5_container\" class=\"frm_form_field form-field  frm_required_field frm_top_container frm_full\">\r\n    <label for=\"field_message\" id=\"field_message_label\" class=\"frm_primary_label\">Votre Message\r\n        <span class=\"frm_required\" aria-hidden=\"true\">*<\/span>\r\n    <\/label>\r\n    <textarea name=\"item_meta[5]\" id=\"field_message\" rows=\"5\"  data-reqmsg=\"Ce champ ne peut pas \u00eatre vide\" aria-required=\"true\" data-invmsg=\"Message est non valide\" aria-invalid=\"false\"  ><\/textarea>\r\n    \r\n    \r\n<\/div>\n<div id=\"frm_field_8_container\" class=\"frm_form_field form-field  frm_none_container\">\r\n    <label for=\"g-recaptcha-response\" id=\"field_wfar8_label\" class=\"frm_primary_label\">reCAPTCHA\r\n        <span class=\"frm_required\" aria-hidden=\"true\"><\/span>\r\n    <\/label>\r\n    <div  id=\"field_wfar8\" class=\"frm-g-recaptcha\" data-sitekey=\"6LfgMEwpAAAAABiqbrEbtJe96S3MuAjhuBzV2YX8\" data-size=\"invisible\" data-theme=\"light\"><\/div>\r\n    \r\n    \r\n<\/div>\n\t<input type=\"hidden\" name=\"item_key\" value=\"\" \/>\n\t\t\t<div id=\"frm_field_9_container\">\n\t\t\t<label for=\"field_dn9s3\" >\n\t\t\t\tSi vous \u00eates un humain, ne remplissez pas ce champ.\t\t\t<\/label>\n\t\t\t<input  id=\"field_dn9s3\" type=\"text\" class=\"frm_form_field form-field frm_verify\" name=\"item_meta[9]\" value=\"\"  \/>\n\t\t<\/div>\n\t\t<input name=\"frm_state\" type=\"hidden\" value=\"AkPOP37+B1S8MLG1EU9YQFDwXj4C5Wi7l2QmNo3JvegdQjb5DnbQJ2kcHuV1\/sR\/\" \/><div class=\"frm_submit frm_flex\">\r\n<button class=\"frm_button_submit frm_final_submit\" type=\"submit\"   formnovalidate=\"formnovalidate\">Envoyer<\/button>\r\n\r\n\r\n\r\n<\/div><\/div>\n<\/fieldset>\n<\/div>\n\n<\/form>\n<\/div>\n\n<\/div>\n<p><img decoding=\"async\" src=\"\/wp-content\/uploads\/2024\/01\/marie.jpg\" alt=\"\"><\/p>\n<div>\n<p><strong>Marie Anger<\/strong><br \/><span>Coach professionnelle certifi\u00e9e et dipl\u00f4m\u00e9e par la\u00a0<\/span><a href=\"https:\/\/ecole.evolution-perspectives.com\/fr\/haute-ecole-coaching\" target=\"_blank\" rel=\"noopener\">Haute Ecole de Coaching de Paris<\/a><\/p>\n<\/div>\n<h2>Suivez notre actualit\u00e9<\/h2>\n<ul>\n<li><a href=\"https:\/\/www.facebook.com\/profile.php?id=100077109397789\">facebook<\/a>\n<\/li>\n<li><a href=\"https:\/\/www.instagram.com\/ulysseacoaching\/\">instagram<\/a>\n<\/li>\n<li><a href=\"https:\/\/www.linkedin.com\/in\/marie-catherine-anger-0289a897\/\">linkedin<\/a>\n<\/li>\n<\/ul>\n<h2>Horaires d&rsquo;ouverture<\/h2>\n<ul>\n<li>\n<h3>Lundi, Mardi, Jeudi, Vendredi<\/h3>\n<div>\n<p>09h30 &#8211; 12h00 \/ 14H00 &#8211; 18H00<\/p>\n<\/div>\n<\/li>\n<li>\n<h3>Mercredi<\/h3>\n<div>\n<p>09h30 &#8211; 12H00<\/p>\n<\/div>\n<\/li>\n<\/ul>\n<h2>Echangeons par t\u00e9l\u00e9phone<\/h2>\n<p>\n    <a href=\"tel:06 17 84 29 77\">06 17 84 29 77<\/a>\n<\/p>\n<p><!--more--><br \/>\n<!-- {\"type\":\"layout\",\"children\":[{\"name\":\"Image\",\"type\":\"section\",\"props\":{\"css\":\".el-section > [class*='uk-background-'] { min-height: 40vh; }\",\"height_viewport\":false,\"image\":\"wp-content\\\/uploads\\\/2024\\\/01\\\/groupe.jpg\",\"image_effect\":\"fixed\",\"image_fixed\":true,\"image_loading\":true,\"image_position\":\"center-center\",\"image_size\":\"cover\",\"image_width\":\"2560\",\"padding\":\"large\",\"preserve_color\":false,\"style\":\"default\",\"text_color\":\"light\",\"title_breakpoint\":\"xl\",\"title_position\":\"top-left\",\"title_rotation\":\"left\",\"vertical_align\":\"middle\",\"width\":\"default\"},\"children\":[{\"type\":\"row\",\"children\":[{\"type\":\"column\",\"props\":{\"image_position\":\"center-center\",\"position_sticky_breakpoint\":\"m\",\"width_medium\":\"2-3\"},\"children\":[{\"type\":\"headline\",\"props\":{\"content\":\"Besoin d'informations sur notre accompagnement ?\",\"maxwidth\":\"xlarge\",\"text_align\":\"left\",\"title_element\":\"h1\"}},{\"type\":\"text\",\"props\":{\"column_breakpoint\":\"m\",\"content\":\"\n\n<p>Nous r\\u00e9pondons \\u00e0 vos questions et vos besoins de coaching personnels ou pour votre entreprise.<\\\/p>\",\"margin\":\"default\"}}]},{\"type\":\"column\",\"props\":{\"image_position\":\"center-center\",\"position_sticky_breakpoint\":\"m\",\"width_medium\":\"1-3\"},\"children\":[{\"type\":\"image\",\"props\":{\"image\":\"wp-content\\\/uploads\\\/2024\\\/01\\\/cropped-logo1.png\",\"image_svg_color\":\"emphasis\",\"image_width\":\"200\",\"margin\":\"remove-vertical\",\"text_align\":\"center\"}}]}],\"props\":{\"layout\":\"2-3,1-3\"}}]},{\"name\":\"Contact\",\"type\":\"section\",\"props\":{\"animation\":\"fade\",\"image_position\":\"center-center\",\"image_size\":\"cover\",\"media\":\"images\\\/demo\\\/demo-image_01.jpg\",\"padding\":\"small\",\"padding_remove_bottom\":false,\"style\":\"default\",\"title_breakpoint\":\"xl\",\"title_position\":\"top-left\",\"title_rotation\":\"left\",\"vertical_align\":\"middle\",\"width\":\"default\"},\"children\":[{\"type\":\"row\",\"children\":[{\"type\":\"column\",\"props\":{\"image_position\":\"center-center\",\"position_sticky_breakpoint\":\"m\",\"width_medium\":\"2-3\"},\"children\":[{\"type\":\"headline\",\"props\":{\"content\":\"Merci pour l'int\\u00e9r\\u00eat que vous portez \\u00e0 ULYSSEA.\",\"maxwidth\":\"2xlarge\",\"text_align\":\"left\",\"title_element\":\"h1\",\"title_style\":\"h2\"}},{\"type\":\"divider\",\"props\":{\"divider_element\":\"div\",\"divider_style\":\"small\"}},{\"type\":\"text\",\"props\":{\"column_breakpoint\":\"m\",\"content\":\"\n\n<p>Afin de r\\u00e9pondre \\u00e0 vos questions, interrogations ou demandes d'accompagnement, merci de renseigner le formulaire suivant.<\\\/p>\",\"margin\":\"medium\",\"maxwidth\":\"xlarge\",\"text_align\":\"left\"}},{\"type\":\"text\",\"props\":{\"column_breakpoint\":\"m\",\"content\":\"\n\n<p>[formidable id=1]<\\\/p>\",\"margin\":\"default\"}}]},{\"type\":\"column\",\"props\":{\"image_position\":\"center-center\",\"position_sticky_breakpoint\":\"m\",\"width_medium\":\"1-3\"},\"children\":[{\"type\":\"image\",\"props\":{\"image\":\"wp-content\\\/uploads\\\/2024\\\/01\\\/marie.jpg\",\"image_border\":\"rounded\",\"image_box_decoration\":\"primary\",\"image_svg_color\":\"emphasis\",\"margin\":\"default\"}},{\"type\":\"text\",\"props\":{\"column_breakpoint\":\"m\",\"content\":\"\n\n<p><strong>Marie Anger<\\\/strong><br \\\/><span>Coach professionnelle certifi\\u00e9e et dipl\\u00f4m\\u00e9e par la\\u00a0<\\\/span><a href=\\\"https:\\\/\\\/ecole.evolution-perspectives.com\\\/fr\\\/haute-ecole-coaching\\\" target=\\\"_blank\\\" rel=\\\"noopener\\\">Haute Ecole de Coaching de Paris<\\\/a><\\\/p>\",\"margin\":\"default\",\"text_align\":\"center\"}}]}],\"props\":{\"layout\":\"2-3,1-3\"}},{\"type\":\"row\",\"props\":{\"column_gap\":\"large\",\"layout\":\"1-3,1-3,1-3\",\"margin\":\"xlarge\",\"row_gap\":\"large\",\"width\":\"default\"},\"children\":[{\"type\":\"column\",\"props\":{\"image_position\":\"center-center\",\"position_sticky_breakpoint\":\"m\",\"width_medium\":\"1-3\"},\"children\":[{\"type\":\"headline\",\"props\":{\"content\":\"Suivez notre actualit\\u00e9\",\"margin\":\"medium\",\"margin_remove_bottom\":true,\"text_align\":\"center\",\"title_decoration\":\"divider\",\"title_element\":\"h2\",\"title_style\":\"h4\"}},{\"type\":\"social\",\"props\":{\"grid\":\"horizontal\",\"grid_gap\":\"\",\"image_svg_inline\":true,\"link_style\":\"button\",\"margin\":\"medium\",\"text_align\":\"center\"},\"children\":[{\"type\":\"social_item\",\"props\":{\"link\":\"https:\\\/\\\/www.facebook.com\\\/profile.php?id=100077109397789\"}},{\"type\":\"social_item\",\"props\":{\"link\":\"https:\\\/\\\/www.instagram.com\\\/ulysseacoaching\\\/\"}},{\"type\":\"social_item\",\"props\":{\"link\":\"https:\\\/\\\/www.linkedin.com\\\/in\\\/marie-catherine-anger-0289a897\\\/\"}}]}]},{\"type\":\"column\",\"props\":{\"image_position\":\"center-center\",\"position_sticky_breakpoint\":\"m\",\"width_medium\":\"1-3\"},\"children\":[{\"type\":\"headline\",\"props\":{\"content\":\"Horaires d'ouverture\",\"margin\":\"medium\",\"margin_remove_bottom\":true,\"text_align\":\"center\",\"title_decoration\":\"divider\",\"title_element\":\"h2\",\"title_style\":\"h4\"}},{\"type\":\"description_list\",\"props\":{\"column_breakpoint\":\"m\",\"layout\":\"grid-2\",\"list_element\":\"ul\",\"meta_align\":\"below-content\",\"meta_style\":\"text-meta\",\"show_content\":true,\"show_link\":true,\"show_meta\":true,\"show_title\":true,\"text_align\":\"center\",\"title_element\":\"div\",\"title_grid_column_gap\":\"small\",\"title_grid_row_gap\":\"small\",\"title_grid_width\":\"small\"},\"children\":[{\"type\":\"description_list_item\",\"props\":{\"content\":\"\n\n<p>09h30 - 12h00 \\\/ 14H00 - 18H00<\\\/p>\",\"title\":\"Lundi, Mardi, Jeudi, Vendredi\"}},{\"type\":\"description_list_item\",\"props\":{\"content\":\"\n\n<p>09h30 - 12H00<\\\/p>\",\"title\":\"Mercredi\"}}]}]},{\"type\":\"column\",\"props\":{\"image_position\":\"center-center\",\"position_sticky_breakpoint\":\"m\",\"width_medium\":\"1-3\"},\"children\":[{\"type\":\"headline\",\"props\":{\"content\":\"Echangeons par t\\u00e9l\\u00e9phone\",\"margin_remove_bottom\":false,\"text_align\":\"center\",\"title_decoration\":\"divider\",\"title_element\":\"h2\",\"title_style\":\"h4\"}},{\"type\":\"button\",\"props\":{\"grid_column_gap\":\"small\",\"grid_row_gap\":\"small\",\"margin\":\"default\",\"text_align\":\"center\"},\"children\":[{\"type\":\"button_item\",\"props\":{\"button_style\":\"primary\",\"content\":\"06 17 84 29 77\",\"icon\":\"receiver\",\"icon_align\":\"left\",\"link\":\"tel:06 17 84 29 77\"}}]}]}]}]}],\"version\":\"4.2.11\"} --><\/p>\n","protected":false},"excerpt":{"rendered":"<p>Besoin d&rsquo;informations sur notre accompagnement ? Nous r\u00e9pondons \u00e0 vos questions et vos besoins de coaching personnels ou pour votre entreprise. Merci pour l&rsquo;int\u00e9r\u00eat que vous portez \u00e0 ULYSSEA. Afin de r\u00e9pondre \u00e0 vos questions, interrogations ou demandes d&rsquo;accompagnement, merci de renseigner le formulaire suivant. Marie AngerCoach professionnelle certifi\u00e9e et dipl\u00f4m\u00e9e par la\u00a0Haute Ecole de [&hellip;]<\/p>\n","protected":false},"author":1,"featured_media":0,"parent":0,"menu_order":0,"comment_status":"closed","ping_status":"closed","template":"","meta":{"footnotes":""},"class_list":["post-58","page","type-page","status-publish","hentry"],"aioseo_notices":[],"_links":{"self":[{"href":"https:\/\/ulyssea-coaching.fr\/index.php\/wp-json\/wp\/v2\/pages\/58","targetHints":{"allow":["GET"]}}],"collection":[{"href":"https:\/\/ulyssea-coaching.fr\/index.php\/wp-json\/wp\/v2\/pages"}],"about":[{"href":"https:\/\/ulyssea-coaching.fr\/index.php\/wp-json\/wp\/v2\/types\/page"}],"author":[{"embeddable":true,"href":"https:\/\/ulyssea-coaching.fr\/index.php\/wp-json\/wp\/v2\/users\/1"}],"replies":[{"embeddable":true,"href":"https:\/\/ulyssea-coaching.fr\/index.php\/wp-json\/wp\/v2\/comments?post=58"}],"version-history":[{"count":10,"href":"https:\/\/ulyssea-coaching.fr\/index.php\/wp-json\/wp\/v2\/pages\/58\/revisions"}],"predecessor-version":[{"id":363,"href":"https:\/\/ulyssea-coaching.fr\/index.php\/wp-json\/wp\/v2\/pages\/58\/revisions\/363"}],"wp:attachment":[{"href":"https:\/\/ulyssea-coaching.fr\/index.php\/wp-json\/wp\/v2\/media?parent=58"}],"curies":[{"name":"wp","href":"https:\/\/api.w.org\/{rel}","templated":true}]}}